{"id":8002,"date":"2020-10-06T20:42:52","date_gmt":"2020-10-06T18:42:52","guid":{"rendered":"https:\/\/www.feuerwehr-poing.de\/?page_id=8002"},"modified":"2020-10-06T20:51:15","modified_gmt":"2020-10-06T18:51:15","slug":"alles-rund-um-rauchmelder","status":"publish","type":"page","link":"https:\/\/www.feuerwehr-poing.de\/?page_id=8002","title":{"rendered":"Alles rund um Rauchmelder"},"content":{"rendered":"<p>Die&nbsp;<a href=\"https:\/\/www.rauchmelder-lebensretter.de\/rauchmelder-retten-leben\/\">Initiative Rauchmelder retten Leben<\/a> wurde im Jahr 2000 vom Forum f\u00fcr Brandrauchpr\u00e4vention gegr\u00fcndet, um die Anzahl der Brandopfer in Deutschland deutlich zu reduzieren. Zwei Drittel der Brandopfer werden im Schlaf vom Feuer \u00fcberrascht. Gef\u00e4hrlich ist dabei der Brandrauch. Hier kommen Rauchmelder (auch Rauchwarnmelder oder Feuermelder genannt) zum Einsatz. Rauchmelder warnen bei einem entstehenden Brand mit einem lauten akustischen Signal, wenn das giftige Rauchgas in die Messkammer des Rauchmelders gelangt. So bleiben nach dem Alarm 120 Sekunden um sich und weitere Bewohner in Sicherheit zu bringen.<\/p>\n<p style=\"text-align: center;\"><a href=\"https:\/\/www.rauchmelder-lebensretter.de\/\"><strong>Informieren Sie sich hier!<\/strong><\/a><\/p>\n<p><a href=\"https:\/\/www.rauchmelder-lebensretter.de\/\"><img loading=\"lazy\" decoding=\"async\" class=\"aligncenter wp-image-8005 size-large\" src=\"https:\/\/www.feuerwehr-poing.de\/wp-content\/uploads\/2020\/10\/pressefotos-2-683x1024.jpg\" alt=\"\" width=\"683\" height=\"1024\" srcset=\"https:\/\/www.feuerwehr-poing.de\/wp-content\/uploads\/2020\/10\/pressefotos-2-683x1024.jpg 683w, https:\/\/www.feuerwehr-poing.de\/wp-content\/uploads\/2020\/10\/pressefotos-2-200x300.jpg 200w, https:\/\/www.feuerwehr-poing.de\/wp-content\/uploads\/2020\/10\/pressefotos-2-768x1152.jpg 768w, https:\/\/www.feuerwehr-poing.de\/wp-content\/uploads\/2020\/10\/pressefotos-2-1024x1536.jpg 1024w, https:\/\/www.feuerwehr-poing.de\/wp-content\/uploads\/2020\/10\/pressefotos-2-1366x2048.jpg 1366w, https:\/\/www.feuerwehr-poing.de\/wp-content\/uploads\/2020\/10\/pressefotos-2-scaled.jpg 1707w\" sizes=\"auto, (max-width: 683px) 100vw, 683px\" \/><\/a><\/p>\n","protected":false},"excerpt":{"rendered":"<p>Die&nbsp;Initiative Rauchmelder retten Leben wurde im Jahr 2000 vom Forum f\u00fcr Brandrauchpr\u00e4vention gegr\u00fcndet, um die Anzahl der Brandopfer in Deutschland deutlich zu reduzieren. Zwei Drittel der Brandopfer werden im Schlaf vom Feuer \u00fcberrascht. Gef\u00e4hrlich ist dabei der Brandrauch. Hier kommen Rauchmelder (auch Rauchwarnmelder oder Feuermelder genannt) zum Einsatz. Rauchmelder warnen bei einem entstehenden Brand mit <a class=\"more-link\" href=\"https:\/\/www.feuerwehr-poing.de\/?page_id=8002\">[mehr]<\/a><\/p>\n","protected":false},"author":34,"featured_media":0,"parent":0,"menu_order":0,"comment_status":"closed","ping_status":"closed","template":"","meta":{"ngg_post_thumbnail":0,"footnotes":""},"class_list":["post-8002","page","type-page","status-publish","hentry"],"yoast_head":"<!-- This site is optimized with the Yoast SEO plugin v27.3 - https:\/\/yoast.com\/product\/yoast-seo-wordpress\/ -->\n<title>Alles rund um Rauchmelder - Freiwillige Feuerwehr Poing<\/title>\n<meta name=\"robots\" content=\"index, follow, max-snippet:-1, max-image-preview:large, max-video-preview:-1\" \/>\n<link rel=\"canonical\" href=\"https:\/\/www.feuerwehr-poing.de\/?page_id=8002\" \/>\n<meta property=\"og:locale\" content=\"de_DE\" \/>\n<meta property=\"og:type\" content=\"article\" \/>\n<meta property=\"og:title\" content=\"Alles rund um Rauchmelder - Freiwillige Feuerwehr Poing\" \/>\n<meta property=\"og:description\" content=\"Die&nbsp;Initiative Rauchmelder retten Leben wurde im Jahr 2000 vom Forum f\u00fcr Brandrauchpr\u00e4vention gegr\u00fcndet, um die Anzahl der Brandopfer in Deutschland deutlich zu reduzieren. Zwei Drittel der Brandopfer werden im Schlaf vom Feuer \u00fcberrascht. Gef\u00e4hrlich ist dabei der Brandrauch. Hier kommen Rauchmelder (auch Rauchwarnmelder oder Feuermelder genannt) zum Einsatz. Rauchmelder warnen bei einem entstehenden Brand mit [mehr]\" \/>\n<meta property=\"og:url\" content=\"https:\/\/www.feuerwehr-poing.de\/?page_id=8002\" \/>\n<meta property=\"og:site_name\" content=\"Freiwillige Feuerwehr Poing\" \/>\n<meta property=\"article:modified_time\" content=\"2020-10-06T18:51:15+00:00\" \/>\n<meta property=\"og:image\" content=\"https:\/\/www.feuerwehr-poing.de\/wp-content\/uploads\/2020\/10\/pressefotos-2-683x1024.jpg\" \/>\n<meta name=\"twitter:card\" content=\"summary_large_image\" \/>\n<script type=\"application\/ld+json\" class=\"yoast-schema-graph\">{\"@context\":\"https:\\\/\\\/schema.org\",\"@graph\":[{\"@type\":\"WebPage\",\"@id\":\"https:\\\/\\\/www.feuerwehr-poing.de\\\/?page_id=8002\",\"url\":\"https:\\\/\\\/www.feuerwehr-poing.de\\\/?page_id=8002\",\"name\":\"Alles rund um Rauchmelder - Freiwillige Feuerwehr Poing\",\"isPartOf\":{\"@id\":\"https:\\\/\\\/www.feuerwehr-poing.de\\\/#website\"},\"primaryImageOfPage\":{\"@id\":\"https:\\\/\\\/www.feuerwehr-poing.de\\\/?page_id=8002#primaryimage\"},\"image\":{\"@id\":\"https:\\\/\\\/www.feuerwehr-poing.de\\\/?page_id=8002#primaryimage\"},\"thumbnailUrl\":\"https:\\\/\\\/www.feuerwehr-poing.de\\\/wp-content\\\/uploads\\\/2020\\\/10\\\/pressefotos-2-683x1024.jpg\",\"datePublished\":\"2020-10-06T18:42:52+00:00\",\"dateModified\":\"2020-10-06T18:51:15+00:00\",\"breadcrumb\":{\"@id\":\"https:\\\/\\\/www.feuerwehr-poing.de\\\/?page_id=8002#breadcrumb\"},\"inLanguage\":\"de\",\"potentialAction\":[{\"@type\":\"ReadAction\",\"target\":[\"https:\\\/\\\/www.feuerwehr-poing.de\\\/?page_id=8002\"]}]},{\"@type\":\"ImageObject\",\"inLanguage\":\"de\",\"@id\":\"https:\\\/\\\/www.feuerwehr-poing.de\\\/?page_id=8002#primaryimage\",\"url\":\"https:\\\/\\\/www.feuerwehr-poing.de\\\/wp-content\\\/uploads\\\/2020\\\/10\\\/pressefotos-2-scaled.jpg\",\"contentUrl\":\"https:\\\/\\\/www.feuerwehr-poing.de\\\/wp-content\\\/uploads\\\/2020\\\/10\\\/pressefotos-2-scaled.jpg\",\"width\":1707,\"height\":2560},{\"@type\":\"BreadcrumbList\",\"@id\":\"https:\\\/\\\/www.feuerwehr-poing.de\\\/?page_id=8002#breadcrumb\",\"itemListElement\":[{\"@type\":\"ListItem\",\"position\":1,\"name\":\"Startseite\",\"item\":\"https:\\\/\\\/www.feuerwehr-poing.de\\\/\"},{\"@type\":\"ListItem\",\"position\":2,\"name\":\"Alles rund um Rauchmelder\"}]},{\"@type\":\"WebSite\",\"@id\":\"https:\\\/\\\/www.feuerwehr-poing.de\\\/#website\",\"url\":\"https:\\\/\\\/www.feuerwehr-poing.de\\\/\",\"name\":\"Freiwillige Feuerwehr Poing\",\"description\":\"Retten - L\u00f6schen - Sch\u00fctzen - Bergen\",\"potentialAction\":[{\"@type\":\"SearchAction\",\"target\":{\"@type\":\"EntryPoint\",\"urlTemplate\":\"https:\\\/\\\/www.feuerwehr-poing.de\\\/?s={search_term_string}\"},\"query-input\":{\"@type\":\"PropertyValueSpecification\",\"valueRequired\":true,\"valueName\":\"search_term_string\"}}],\"inLanguage\":\"de\"}]}<\/script>\n<!-- \/ Yoast SEO plugin. -->","yoast_head_json":{"title":"Alles rund um Rauchmelder - Freiwillige Feuerwehr Poing","robots":{"index":"index","follow":"follow","max-snippet":"max-snippet:-1","max-image-preview":"max-image-preview:large","max-video-preview":"max-video-preview:-1"},"canonical":"https:\/\/www.feuerwehr-poing.de\/?page_id=8002","og_locale":"de_DE","og_type":"article","og_title":"Alles rund um Rauchmelder - Freiwillige Feuerwehr Poing","og_description":"Die&nbsp;Initiative Rauchmelder retten Leben wurde im Jahr 2000 vom Forum f\u00fcr Brandrauchpr\u00e4vention gegr\u00fcndet, um die Anzahl der Brandopfer in Deutschland deutlich zu reduzieren. Zwei Drittel der Brandopfer werden im Schlaf vom Feuer \u00fcberrascht. Gef\u00e4hrlich ist dabei der Brandrauch. Hier kommen Rauchmelder (auch Rauchwarnmelder oder Feuermelder genannt) zum Einsatz. Rauchmelder warnen bei einem entstehenden Brand mit [mehr]","og_url":"https:\/\/www.feuerwehr-poing.de\/?page_id=8002","og_site_name":"Freiwillige Feuerwehr Poing","article_modified_time":"2020-10-06T18:51:15+00:00","og_image":[{"url":"https:\/\/www.feuerwehr-poing.de\/wp-content\/uploads\/2020\/10\/pressefotos-2-683x1024.jpg","type":"","width":"","height":""}],"twitter_card":"summary_large_image","schema":{"@context":"https:\/\/schema.org","@graph":[{"@type":"WebPage","@id":"https:\/\/www.feuerwehr-poing.de\/?page_id=8002","url":"https:\/\/www.feuerwehr-poing.de\/?page_id=8002","name":"Alles rund um Rauchmelder - Freiwillige Feuerwehr Poing","isPartOf":{"@id":"https:\/\/www.feuerwehr-poing.de\/#website"},"primaryImageOfPage":{"@id":"https:\/\/www.feuerwehr-poing.de\/?page_id=8002#primaryimage"},"image":{"@id":"https:\/\/www.feuerwehr-poing.de\/?page_id=8002#primaryimage"},"thumbnailUrl":"https:\/\/www.feuerwehr-poing.de\/wp-content\/uploads\/2020\/10\/pressefotos-2-683x1024.jpg","datePublished":"2020-10-06T18:42:52+00:00","dateModified":"2020-10-06T18:51:15+00:00","breadcrumb":{"@id":"https:\/\/www.feuerwehr-poing.de\/?page_id=8002#breadcrumb"},"inLanguage":"de","potentialAction":[{"@type":"ReadAction","target":["https:\/\/www.feuerwehr-poing.de\/?page_id=8002"]}]},{"@type":"ImageObject","inLanguage":"de","@id":"https:\/\/www.feuerwehr-poing.de\/?page_id=8002#primaryimage","url":"https:\/\/www.feuerwehr-poing.de\/wp-content\/uploads\/2020\/10\/pressefotos-2-scaled.jpg","contentUrl":"https:\/\/www.feuerwehr-poing.de\/wp-content\/uploads\/2020\/10\/pressefotos-2-scaled.jpg","width":1707,"height":2560},{"@type":"BreadcrumbList","@id":"https:\/\/www.feuerwehr-poing.de\/?page_id=8002#breadcrumb","itemListElement":[{"@type":"ListItem","position":1,"name":"Startseite","item":"https:\/\/www.feuerwehr-poing.de\/"},{"@type":"ListItem","position":2,"name":"Alles rund um Rauchmelder"}]},{"@type":"WebSite","@id":"https:\/\/www.feuerwehr-poing.de\/#website","url":"https:\/\/www.feuerwehr-poing.de\/","name":"Freiwillige Feuerwehr Poing","description":"Retten - L\u00f6schen - Sch\u00fctzen - Bergen","potentialAction":[{"@type":"SearchAction","target":{"@type":"EntryPoint","urlTemplate":"https:\/\/www.feuerwehr-poing.de\/?s={search_term_string}"},"query-input":{"@type":"PropertyValueSpecification","valueRequired":true,"valueName":"search_term_string"}}],"inLanguage":"de"}]}},"_links":{"self":[{"href":"https:\/\/www.feuerwehr-poing.de\/index.php?rest_route=\/wp\/v2\/pages\/8002","targetHints":{"allow":["GET"]}}],"collection":[{"href":"https:\/\/www.feuerwehr-poing.de\/index.php?rest_route=\/wp\/v2\/pages"}],"about":[{"href":"https:\/\/www.feuerwehr-poing.de\/index.php?rest_route=\/wp\/v2\/types\/page"}],"author":[{"embeddable":true,"href":"https:\/\/www.feuerwehr-poing.de\/index.php?rest_route=\/wp\/v2\/users\/34"}],"replies":[{"embeddable":true,"href":"https:\/\/www.feuerwehr-poing.de\/index.php?rest_route=%2Fwp%2Fv2%2Fcomments&post=8002"}],"version-history":[{"count":5,"href":"https:\/\/www.feuerwehr-poing.de\/index.php?rest_route=\/wp\/v2\/pages\/8002\/revisions"}],"predecessor-version":[{"id":8004,"href":"https:\/\/www.feuerwehr-poing.de\/index.php?rest_route=\/wp\/v2\/pages\/8002\/revisions\/8004"}],"wp:attachment":[{"href":"https:\/\/www.feuerwehr-poing.de\/index.php?rest_route=%2Fwp%2Fv2%2Fmedia&parent=8002"}],"curies":[{"name":"wp","href":"https:\/\/api.w.org\/{rel}","templated":true}]}}