{"id":325,"date":"2016-01-24T08:53:59","date_gmt":"2016-01-24T08:53:59","guid":{"rendered":"https:\/\/www.feuerwehr-poing.de\/?page_id=325"},"modified":"2020-10-07T20:30:10","modified_gmt":"2020-10-07T18:30:10","slug":"florian-poing-991","status":"publish","type":"page","link":"https:\/\/www.feuerwehr-poing.de\/?page_id=325","title":{"rendered":"Florian Poing 99\/1"},"content":{"rendered":"<p style=\"text-align: center;\">\n<table id=\"tablepress-7\" class=\"tablepress tablepress-id-7\">\n<tbody class=\"row-striping\">\n<tr class=\"row-1\">\n\t<td class=\"column-1\"><strong>Funkrufname<\/strong><\/td><td class=\"column-2\">Florian Poing 99\/1<\/td>\n<\/tr>\n<tr class=\"row-2\">\n\t<td class=\"column-1\"><strong>Typ<\/strong><\/td><td class=\"column-2\">Flachwasserschubboot<\/td>\n<\/tr>\n<tr class=\"row-3\">\n\t<td class=\"column-1\"><strong>Bootshersteller<\/strong><\/td><td class=\"column-2\">Barro<\/td>\n<\/tr>\n<tr class=\"row-4\">\n\t<td class=\"column-1\"><strong>Besatzung<\/strong><\/td><td class=\"column-2\">1\/4<\/td>\n<\/tr>\n<tr class=\"row-5\">\n\t<td class=\"column-1\"><strong>Fahrgestell<\/strong><\/td><td class=\"column-2\">Harbeck<\/td>\n<\/tr>\n<tr class=\"row-6\">\n\t<td class=\"column-1\"><strong>Baujahr<\/strong><\/td><td class=\"column-2\">2015<\/td>\n<\/tr>\n<tr class=\"row-7\">\n\t<td class=\"column-1\"><strong>Bootsmotor<\/strong><\/td><td class=\"column-2\">Suzuki DF20A<\/td>\n<\/tr>\n<tr class=\"row-8\">\n\t<td class=\"column-1\"><strong>zul\u00e4ssiges Gesamtgewicht<\/strong><\/td><td class=\"column-2\">750kg<\/td>\n<\/tr>\n<\/tbody>\n<\/table>\n<!-- #tablepress-7 from cache --><\/p>\n<hr>\n<p style=\"text-align: left;\">Aufgrund des erbauten Badesees wurde die Anschaffung eines Bootes f\u00fcr die Feuerwehr unerl\u00e4sslich. Zudem ist der Einsatz auch im nahegelegenen Speichersee und dem Isarkanal durch den 20 PS starken Au\u00dfenbordmotor m\u00f6glich.<\/p>\n<p style=\"text-align: left;\">Das Boot wird i.d.R. zur Menschen-, Tierrettung und zum Transport von Ger\u00e4tschaften auf\/\u00fcber Gew\u00e4sser verwendet. Zudem ist das Flachwasserschubboot ein sehr wichtiges Einsatzmittel bei Hochwasserlagen.<\/p>\n<p style=\"text-align: center;\"><!-- default-view.php -->\n<div\n\tclass=\"ngg-galleryoverview default-view\n\t ngg-ajax-pagination-none\t\"\n\tid=\"ngg-gallery-3ffb3be2cb09fe04ba44a86c4d2de87f-1\"\n\tdata-gallery-id=\"14\">\n\n\t\t<!-- Thumbnails -->\n\t\t\t\t<div id=\"ngg-image-0\" class=\"ngg-gallery-thumbnail-box\n\t\t\t\t\t\t\t\t\t\t\t\"\n\t\t\t>\n\t\t\t\t\t\t<div class=\"ngg-gallery-thumbnail\">\n\t\t\t<a href=\"https:\/\/www.feuerwehr-poing.de\/wp-content\/gallery\/991\/IMG_3361-Medium.JPG\"\n\t\t\t\ttitle=\"\"\n\t\t\t\tdata-src=\"https:\/\/www.feuerwehr-poing.de\/wp-content\/gallery\/991\/IMG_3361-Medium.JPG\"\n\t\t\t\tdata-thumbnail=\"https:\/\/www.feuerwehr-poing.de\/wp-content\/gallery\/991\/thumbs\/thumbs_IMG_3361-Medium.JPG\"\n\t\t\t\tdata-image-id=\"177\"\n\t\t\t\tdata-title=\"IMG_3361 (Medium)\"\n\t\t\t\tdata-description=\"\"\n\t\t\t\tdata-image-slug=\"img_3361-medium\"\n\t\t\t\t\t\t\t\t\t\t\t\t\t\t\t\t\t\t\t\tclass=\"ngg-fancybox\" rel=\"3ffb3be2cb09fe04ba44a86c4d2de87f\">\n\t\t\t\t\t\t\t\t<img\n\t\t\t\t\ttitle=\"IMG_3361 (Medium)\"\n\t\t\t\t\talt=\"IMG_3361 (Medium)\"\n\t\t\t\t\tsrc=\"https:\/\/www.feuerwehr-poing.de\/wp-content\/gallery\/991\/thumbs\/thumbs_IMG_3361-Medium.JPG\"\n\t\t\t\t\twidth=\"240\"\n\t\t\t\t\theight=\"160\"\n\t\t\t\t\tstyle=\"max-width:100%;\"\n\t\t\t\t\/>\n\t\t\t<\/a>\n\t\t<\/div>\n\t\t\t\t\t\t\t<\/div>\n\t\t\t\n\t\t\t\t<div id=\"ngg-image-1\" class=\"ngg-gallery-thumbnail-box\n\t\t\t\t\t\t\t\t\t\t\t\"\n\t\t\t>\n\t\t\t\t\t\t<div class=\"ngg-gallery-thumbnail\">\n\t\t\t<a href=\"https:\/\/www.feuerwehr-poing.de\/wp-content\/gallery\/991\/IMG_3359-Medium.JPG\"\n\t\t\t\ttitle=\"\"\n\t\t\t\tdata-src=\"https:\/\/www.feuerwehr-poing.de\/wp-content\/gallery\/991\/IMG_3359-Medium.JPG\"\n\t\t\t\tdata-thumbnail=\"https:\/\/www.feuerwehr-poing.de\/wp-content\/gallery\/991\/thumbs\/thumbs_IMG_3359-Medium.JPG\"\n\t\t\t\tdata-image-id=\"176\"\n\t\t\t\tdata-title=\"IMG_3359 (Medium)\"\n\t\t\t\tdata-description=\"\"\n\t\t\t\tdata-image-slug=\"img_3359-medium\"\n\t\t\t\t\t\t\t\t\t\t\t\t\t\t\t\t\t\t\t\tclass=\"ngg-fancybox\" rel=\"3ffb3be2cb09fe04ba44a86c4d2de87f\">\n\t\t\t\t\t\t\t\t<img\n\t\t\t\t\ttitle=\"IMG_3359 (Medium)\"\n\t\t\t\t\talt=\"IMG_3359 (Medium)\"\n\t\t\t\t\tsrc=\"https:\/\/www.feuerwehr-poing.de\/wp-content\/gallery\/991\/thumbs\/thumbs_IMG_3359-Medium.JPG\"\n\t\t\t\t\twidth=\"240\"\n\t\t\t\t\theight=\"160\"\n\t\t\t\t\tstyle=\"max-width:100%;\"\n\t\t\t\t\/>\n\t\t\t<\/a>\n\t\t<\/div>\n\t\t\t\t\t\t\t<\/div>\n\t\t\t\n\t\t\t\t<div id=\"ngg-image-2\" class=\"ngg-gallery-thumbnail-box\n\t\t\t\t\t\t\t\t\t\t\t\"\n\t\t\t>\n\t\t\t\t\t\t<div class=\"ngg-gallery-thumbnail\">\n\t\t\t<a href=\"https:\/\/www.feuerwehr-poing.de\/wp-content\/gallery\/991\/IMG_3365-Medium.JPG\"\n\t\t\t\ttitle=\"\"\n\t\t\t\tdata-src=\"https:\/\/www.feuerwehr-poing.de\/wp-content\/gallery\/991\/IMG_3365-Medium.JPG\"\n\t\t\t\tdata-thumbnail=\"https:\/\/www.feuerwehr-poing.de\/wp-content\/gallery\/991\/thumbs\/thumbs_IMG_3365-Medium.JPG\"\n\t\t\t\tdata-image-id=\"179\"\n\t\t\t\tdata-title=\"IMG_3365 (Medium)\"\n\t\t\t\tdata-description=\"\"\n\t\t\t\tdata-image-slug=\"img_3365-medium\"\n\t\t\t\t\t\t\t\t\t\t\t\t\t\t\t\t\t\t\t\tclass=\"ngg-fancybox\" rel=\"3ffb3be2cb09fe04ba44a86c4d2de87f\">\n\t\t\t\t\t\t\t\t<img\n\t\t\t\t\ttitle=\"IMG_3365 (Medium)\"\n\t\t\t\t\talt=\"IMG_3365 (Medium)\"\n\t\t\t\t\tsrc=\"https:\/\/www.feuerwehr-poing.de\/wp-content\/gallery\/991\/thumbs\/thumbs_IMG_3365-Medium.JPG\"\n\t\t\t\t\twidth=\"240\"\n\t\t\t\t\theight=\"160\"\n\t\t\t\t\tstyle=\"max-width:100%;\"\n\t\t\t\t\/>\n\t\t\t<\/a>\n\t\t<\/div>\n\t\t\t\t\t\t\t<\/div>\n\t\t\t\n\t\t\t\t<div id=\"ngg-image-3\" class=\"ngg-gallery-thumbnail-box\n\t\t\t\t\t\t\t\t\t\t\t\"\n\t\t\t>\n\t\t\t\t\t\t<div class=\"ngg-gallery-thumbnail\">\n\t\t\t<a href=\"https:\/\/www.feuerwehr-poing.de\/wp-content\/gallery\/991\/IMG_3362-Medium.JPG\"\n\t\t\t\ttitle=\"\"\n\t\t\t\tdata-src=\"https:\/\/www.feuerwehr-poing.de\/wp-content\/gallery\/991\/IMG_3362-Medium.JPG\"\n\t\t\t\tdata-thumbnail=\"https:\/\/www.feuerwehr-poing.de\/wp-content\/gallery\/991\/thumbs\/thumbs_IMG_3362-Medium.JPG\"\n\t\t\t\tdata-image-id=\"178\"\n\t\t\t\tdata-title=\"IMG_3362 (Medium)\"\n\t\t\t\tdata-description=\"\"\n\t\t\t\tdata-image-slug=\"img_3362-medium\"\n\t\t\t\t\t\t\t\t\t\t\t\t\t\t\t\t\t\t\t\tclass=\"ngg-fancybox\" rel=\"3ffb3be2cb09fe04ba44a86c4d2de87f\">\n\t\t\t\t\t\t\t\t<img\n\t\t\t\t\ttitle=\"IMG_3362 (Medium)\"\n\t\t\t\t\talt=\"IMG_3362 (Medium)\"\n\t\t\t\t\tsrc=\"https:\/\/www.feuerwehr-poing.de\/wp-content\/gallery\/991\/thumbs\/thumbs_IMG_3362-Medium.JPG\"\n\t\t\t\t\twidth=\"240\"\n\t\t\t\t\theight=\"160\"\n\t\t\t\t\tstyle=\"max-width:100%;\"\n\t\t\t\t\/>\n\t\t\t<\/a>\n\t\t<\/div>\n\t\t\t\t\t\t\t<\/div>\n\t\t\t\n\t\t\t\t<div id=\"ngg-image-4\" class=\"ngg-gallery-thumbnail-box\n\t\t\t\t\t\t\t\t\t\t\t\"\n\t\t\t>\n\t\t\t\t\t\t<div class=\"ngg-gallery-thumbnail\">\n\t\t\t<a href=\"https:\/\/www.feuerwehr-poing.de\/wp-content\/gallery\/991\/IMG_3369-Medium.JPG\"\n\t\t\t\ttitle=\"\"\n\t\t\t\tdata-src=\"https:\/\/www.feuerwehr-poing.de\/wp-content\/gallery\/991\/IMG_3369-Medium.JPG\"\n\t\t\t\tdata-thumbnail=\"https:\/\/www.feuerwehr-poing.de\/wp-content\/gallery\/991\/thumbs\/thumbs_IMG_3369-Medium.JPG\"\n\t\t\t\tdata-image-id=\"174\"\n\t\t\t\tdata-title=\"IMG_3369 (Medium)\"\n\t\t\t\tdata-description=\"\"\n\t\t\t\tdata-image-slug=\"img_3369-medium\"\n\t\t\t\t\t\t\t\t\t\t\t\t\t\t\t\t\t\t\t\tclass=\"ngg-fancybox\" rel=\"3ffb3be2cb09fe04ba44a86c4d2de87f\">\n\t\t\t\t\t\t\t\t<img\n\t\t\t\t\ttitle=\"IMG_3369 (Medium)\"\n\t\t\t\t\talt=\"IMG_3369 (Medium)\"\n\t\t\t\t\tsrc=\"https:\/\/www.feuerwehr-poing.de\/wp-content\/gallery\/991\/thumbs\/thumbs_IMG_3369-Medium.JPG\"\n\t\t\t\t\twidth=\"240\"\n\t\t\t\t\theight=\"160\"\n\t\t\t\t\tstyle=\"max-width:100%;\"\n\t\t\t\t\/>\n\t\t\t<\/a>\n\t\t<\/div>\n\t\t\t\t\t\t\t<\/div>\n\t\t\t\n\t\t\t\t<div id=\"ngg-image-5\" class=\"ngg-gallery-thumbnail-box\n\t\t\t\t\t\t\t\t\t\t\t\"\n\t\t\t>\n\t\t\t\t\t\t<div class=\"ngg-gallery-thumbnail\">\n\t\t\t<a href=\"https:\/\/www.feuerwehr-poing.de\/wp-content\/gallery\/991\/IMG_3373-Medium.JPG\"\n\t\t\t\ttitle=\"\"\n\t\t\t\tdata-src=\"https:\/\/www.feuerwehr-poing.de\/wp-content\/gallery\/991\/IMG_3373-Medium.JPG\"\n\t\t\t\tdata-thumbnail=\"https:\/\/www.feuerwehr-poing.de\/wp-content\/gallery\/991\/thumbs\/thumbs_IMG_3373-Medium.JPG\"\n\t\t\t\tdata-image-id=\"175\"\n\t\t\t\tdata-title=\"IMG_3373 (Medium)\"\n\t\t\t\tdata-description=\"\"\n\t\t\t\tdata-image-slug=\"img_3373-medium\"\n\t\t\t\t\t\t\t\t\t\t\t\t\t\t\t\t\t\t\t\tclass=\"ngg-fancybox\" rel=\"3ffb3be2cb09fe04ba44a86c4d2de87f\">\n\t\t\t\t\t\t\t\t<img\n\t\t\t\t\ttitle=\"IMG_3373 (Medium)\"\n\t\t\t\t\talt=\"IMG_3373 (Medium)\"\n\t\t\t\t\tsrc=\"https:\/\/www.feuerwehr-poing.de\/wp-content\/gallery\/991\/thumbs\/thumbs_IMG_3373-Medium.JPG\"\n\t\t\t\t\twidth=\"240\"\n\t\t\t\t\theight=\"160\"\n\t\t\t\t\tstyle=\"max-width:100%;\"\n\t\t\t\t\/>\n\t\t\t<\/a>\n\t\t<\/div>\n\t\t\t\t\t\t\t<\/div>\n\t\t\t\n\t\n\t<br style=\"clear: both\" \/>\n\n\t\n\t\t<!-- Pagination -->\n\t\t<div class='ngg-clear'><\/div>\t<\/div>\n<\/p>\n","protected":false},"excerpt":{"rendered":"<p>Aufgrund des erbauten Badesees wurde die Anschaffung eines Bootes f\u00fcr die Feuerwehr unerl\u00e4sslich. Zudem ist der Einsatz auch im nahegelegenen Speichersee und dem Isarkanal durch den 20 PS starken Au\u00dfenbordmotor m\u00f6glich. Das Boot wird i.d.R. zur Menschen-, Tierrettung und zum Transport von Ger\u00e4tschaften auf\/\u00fcber Gew\u00e4sser verwendet. Zudem ist das Flachwasserschubboot ein sehr wichtiges Einsatzmittel bei <a class=\"more-link\" href=\"https:\/\/www.feuerwehr-poing.de\/?page_id=325\">[mehr]<\/a><\/p>\n","protected":false},"author":18,"featured_media":0,"parent":1101,"menu_order":0,"comment_status":"closed","ping_status":"closed","template":"","meta":{"ngg_post_thumbnail":0,"footnotes":""},"class_list":["post-325","page","type-page","status-publish","hentry"],"yoast_head":"<!-- This site is optimized with the Yoast SEO plugin v27.4 - https:\/\/yoast.com\/product\/yoast-seo-wordpress\/ -->\n<title>Florian Poing 99\/1 - Freiwillige Feuerwehr Poing<\/title>\n<meta name=\"robots\" content=\"index, follow, max-snippet:-1, max-image-preview:large, max-video-preview:-1\" \/>\n<link rel=\"canonical\" href=\"https:\/\/www.feuerwehr-poing.de\/?page_id=325\" \/>\n<meta property=\"og:locale\" content=\"de_DE\" \/>\n<meta property=\"og:type\" content=\"article\" \/>\n<meta property=\"og:title\" content=\"Florian Poing 99\/1 - Freiwillige Feuerwehr Poing\" \/>\n<meta property=\"og:description\" content=\"Aufgrund des erbauten Badesees wurde die Anschaffung eines Bootes f\u00fcr die Feuerwehr unerl\u00e4sslich. Zudem ist der Einsatz auch im nahegelegenen Speichersee und dem Isarkanal durch den 20 PS starken Au\u00dfenbordmotor m\u00f6glich. Das Boot wird i.d.R. zur Menschen-, Tierrettung und zum Transport von Ger\u00e4tschaften auf\/\u00fcber Gew\u00e4sser verwendet. Zudem ist das Flachwasserschubboot ein sehr wichtiges Einsatzmittel bei [mehr]\" \/>\n<meta property=\"og:url\" content=\"https:\/\/www.feuerwehr-poing.de\/?page_id=325\" \/>\n<meta property=\"og:site_name\" content=\"Freiwillige Feuerwehr Poing\" \/>\n<meta property=\"article:modified_time\" content=\"2020-10-07T18:30:10+00:00\" \/>\n<meta property=\"og:image\" content=\"https:\/\/www.feuerwehr-poing.de\/index.php\/nextgen-attach_to_post\/preview\/id--996\" \/>\n<meta name=\"twitter:card\" content=\"summary_large_image\" \/>\n<script type=\"application\/ld+json\" class=\"yoast-schema-graph\">{\"@context\":\"https:\\\/\\\/schema.org\",\"@graph\":[{\"@type\":\"WebPage\",\"@id\":\"https:\\\/\\\/www.feuerwehr-poing.de\\\/?page_id=325\",\"url\":\"https:\\\/\\\/www.feuerwehr-poing.de\\\/?page_id=325\",\"name\":\"Florian Poing 99\\\/1 - Freiwillige Feuerwehr Poing\",\"isPartOf\":{\"@id\":\"https:\\\/\\\/www.feuerwehr-poing.de\\\/#website\"},\"primaryImageOfPage\":{\"@id\":\"https:\\\/\\\/www.feuerwehr-poing.de\\\/?page_id=325#primaryimage\"},\"image\":{\"@id\":\"https:\\\/\\\/www.feuerwehr-poing.de\\\/?page_id=325#primaryimage\"},\"thumbnailUrl\":\"https:\\\/\\\/www.feuerwehr-poing.de\\\/index.php\\\/nextgen-attach_to_post\\\/preview\\\/id--996\",\"datePublished\":\"2016-01-24T08:53:59+00:00\",\"dateModified\":\"2020-10-07T18:30:10+00:00\",\"breadcrumb\":{\"@id\":\"https:\\\/\\\/www.feuerwehr-poing.de\\\/?page_id=325#breadcrumb\"},\"inLanguage\":\"de\",\"potentialAction\":[{\"@type\":\"ReadAction\",\"target\":[\"https:\\\/\\\/www.feuerwehr-poing.de\\\/?page_id=325\"]}]},{\"@type\":\"ImageObject\",\"inLanguage\":\"de\",\"@id\":\"https:\\\/\\\/www.feuerwehr-poing.de\\\/?page_id=325#primaryimage\",\"url\":\"https:\\\/\\\/www.feuerwehr-poing.de\\\/index.php\\\/nextgen-attach_to_post\\\/preview\\\/id--996\",\"contentUrl\":\"https:\\\/\\\/www.feuerwehr-poing.de\\\/index.php\\\/nextgen-attach_to_post\\\/preview\\\/id--996\"},{\"@type\":\"BreadcrumbList\",\"@id\":\"https:\\\/\\\/www.feuerwehr-poing.de\\\/?page_id=325#breadcrumb\",\"itemListElement\":[{\"@type\":\"ListItem\",\"position\":1,\"name\":\"Startseite\",\"item\":\"https:\\\/\\\/www.feuerwehr-poing.de\\\/\"},{\"@type\":\"ListItem\",\"position\":2,\"name\":\"Fahrzeuge\",\"item\":\"https:\\\/\\\/www.feuerwehr-poing.de\\\/?page_id=1101\"},{\"@type\":\"ListItem\",\"position\":3,\"name\":\"Florian Poing 99\\\/1\"}]},{\"@type\":\"WebSite\",\"@id\":\"https:\\\/\\\/www.feuerwehr-poing.de\\\/#website\",\"url\":\"https:\\\/\\\/www.feuerwehr-poing.de\\\/\",\"name\":\"Freiwillige Feuerwehr Poing\",\"description\":\"Retten - L\u00f6schen - Sch\u00fctzen - Bergen\",\"potentialAction\":[{\"@type\":\"SearchAction\",\"target\":{\"@type\":\"EntryPoint\",\"urlTemplate\":\"https:\\\/\\\/www.feuerwehr-poing.de\\\/?s={search_term_string}\"},\"query-input\":{\"@type\":\"PropertyValueSpecification\",\"valueRequired\":true,\"valueName\":\"search_term_string\"}}],\"inLanguage\":\"de\"}]}<\/script>\n<!-- \/ Yoast SEO plugin. -->","yoast_head_json":{"title":"Florian Poing 99\/1 - Freiwillige Feuerwehr Poing","robots":{"index":"index","follow":"follow","max-snippet":"max-snippet:-1","max-image-preview":"max-image-preview:large","max-video-preview":"max-video-preview:-1"},"canonical":"https:\/\/www.feuerwehr-poing.de\/?page_id=325","og_locale":"de_DE","og_type":"article","og_title":"Florian Poing 99\/1 - Freiwillige Feuerwehr Poing","og_description":"Aufgrund des erbauten Badesees wurde die Anschaffung eines Bootes f\u00fcr die Feuerwehr unerl\u00e4sslich. Zudem ist der Einsatz auch im nahegelegenen Speichersee und dem Isarkanal durch den 20 PS starken Au\u00dfenbordmotor m\u00f6glich. Das Boot wird i.d.R. zur Menschen-, Tierrettung und zum Transport von Ger\u00e4tschaften auf\/\u00fcber Gew\u00e4sser verwendet. Zudem ist das Flachwasserschubboot ein sehr wichtiges Einsatzmittel bei [mehr]","og_url":"https:\/\/www.feuerwehr-poing.de\/?page_id=325","og_site_name":"Freiwillige Feuerwehr Poing","article_modified_time":"2020-10-07T18:30:10+00:00","og_image":[{"url":"https:\/\/www.feuerwehr-poing.de\/index.php\/nextgen-attach_to_post\/preview\/id--996","type":"","width":"","height":""}],"twitter_card":"summary_large_image","schema":{"@context":"https:\/\/schema.org","@graph":[{"@type":"WebPage","@id":"https:\/\/www.feuerwehr-poing.de\/?page_id=325","url":"https:\/\/www.feuerwehr-poing.de\/?page_id=325","name":"Florian Poing 99\/1 - Freiwillige Feuerwehr Poing","isPartOf":{"@id":"https:\/\/www.feuerwehr-poing.de\/#website"},"primaryImageOfPage":{"@id":"https:\/\/www.feuerwehr-poing.de\/?page_id=325#primaryimage"},"image":{"@id":"https:\/\/www.feuerwehr-poing.de\/?page_id=325#primaryimage"},"thumbnailUrl":"https:\/\/www.feuerwehr-poing.de\/index.php\/nextgen-attach_to_post\/preview\/id--996","datePublished":"2016-01-24T08:53:59+00:00","dateModified":"2020-10-07T18:30:10+00:00","breadcrumb":{"@id":"https:\/\/www.feuerwehr-poing.de\/?page_id=325#breadcrumb"},"inLanguage":"de","potentialAction":[{"@type":"ReadAction","target":["https:\/\/www.feuerwehr-poing.de\/?page_id=325"]}]},{"@type":"ImageObject","inLanguage":"de","@id":"https:\/\/www.feuerwehr-poing.de\/?page_id=325#primaryimage","url":"https:\/\/www.feuerwehr-poing.de\/index.php\/nextgen-attach_to_post\/preview\/id--996","contentUrl":"https:\/\/www.feuerwehr-poing.de\/index.php\/nextgen-attach_to_post\/preview\/id--996"},{"@type":"BreadcrumbList","@id":"https:\/\/www.feuerwehr-poing.de\/?page_id=325#breadcrumb","itemListElement":[{"@type":"ListItem","position":1,"name":"Startseite","item":"https:\/\/www.feuerwehr-poing.de\/"},{"@type":"ListItem","position":2,"name":"Fahrzeuge","item":"https:\/\/www.feuerwehr-poing.de\/?page_id=1101"},{"@type":"ListItem","position":3,"name":"Florian Poing 99\/1"}]},{"@type":"WebSite","@id":"https:\/\/www.feuerwehr-poing.de\/#website","url":"https:\/\/www.feuerwehr-poing.de\/","name":"Freiwillige Feuerwehr Poing","description":"Retten - L\u00f6schen - Sch\u00fctzen - Bergen","potentialAction":[{"@type":"SearchAction","target":{"@type":"EntryPoint","urlTemplate":"https:\/\/www.feuerwehr-poing.de\/?s={search_term_string}"},"query-input":{"@type":"PropertyValueSpecification","valueRequired":true,"valueName":"search_term_string"}}],"inLanguage":"de"}]}},"_links":{"self":[{"href":"https:\/\/www.feuerwehr-poing.de\/index.php?rest_route=\/wp\/v2\/pages\/325","targetHints":{"allow":["GET"]}}],"collection":[{"href":"https:\/\/www.feuerwehr-poing.de\/index.php?rest_route=\/wp\/v2\/pages"}],"about":[{"href":"https:\/\/www.feuerwehr-poing.de\/index.php?rest_route=\/wp\/v2\/types\/page"}],"author":[{"embeddable":true,"href":"https:\/\/www.feuerwehr-poing.de\/index.php?rest_route=\/wp\/v2\/users\/18"}],"replies":[{"embeddable":true,"href":"https:\/\/www.feuerwehr-poing.de\/index.php?rest_route=%2Fwp%2Fv2%2Fcomments&post=325"}],"version-history":[{"count":5,"href":"https:\/\/www.feuerwehr-poing.de\/index.php?rest_route=\/wp\/v2\/pages\/325\/revisions"}],"predecessor-version":[{"id":8040,"href":"https:\/\/www.feuerwehr-poing.de\/index.php?rest_route=\/wp\/v2\/pages\/325\/revisions\/8040"}],"up":[{"embeddable":true,"href":"https:\/\/www.feuerwehr-poing.de\/index.php?rest_route=\/wp\/v2\/pages\/1101"}],"wp:attachment":[{"href":"https:\/\/www.feuerwehr-poing.de\/index.php?rest_route=%2Fwp%2Fv2%2Fmedia&parent=325"}],"curies":[{"name":"wp","href":"https:\/\/api.w.org\/{rel}","templated":true}]}}