{"id":298,"date":"2016-01-24T08:37:26","date_gmt":"2016-01-24T08:37:26","guid":{"rendered":"https:\/\/www.feuerwehr-poing.de\/?page_id=298"},"modified":"2025-03-10T09:41:22","modified_gmt":"2025-03-10T08:41:22","slug":"florian-poing-101","status":"publish","type":"page","link":"https:\/\/www.feuerwehr-poing.de\/?page_id=298","title":{"rendered":"Florian Poing 12\/1"},"content":{"rendered":"\n<table id=\"tablepress-1\" class=\"tablepress tablepress-id-1\">\n<tbody class=\"row-striping\">\n<tr class=\"row-1\">\n\t<td class=\"column-1\"><strong>Funkrufname<\/strong><\/td><td class=\"column-2\">\tFlorian Poing 12\/1<\/td>\n<\/tr>\n<tr class=\"row-2\">\n\t<td class=\"column-1\"><strong>Besatzung<\/strong><\/td><td class=\"column-2\">\t1\/1\/2<\/td>\n<\/tr>\n<tr class=\"row-3\">\n\t<td class=\"column-1\"><strong>Fahrgestell<\/strong><\/td><td class=\"column-2\">\tMercedes-Benz Vito<\/td>\n<\/tr>\n<tr class=\"row-4\">\n\t<td class=\"column-1\"><strong>Baujahr<\/strong><\/td><td class=\"column-2\">\t2018<\/td>\n<\/tr>\n<tr class=\"row-5\">\n\t<td class=\"column-1\"><strong>Aufbau<\/strong><\/td><td class=\"column-2\">\tRosenbauer<\/td>\n<\/tr>\n<tr class=\"row-6\">\n\t<td class=\"column-1\"><strong>Leistung<\/strong><\/td><td class=\"column-2\">140kw<\/td>\n<\/tr>\n<tr class=\"row-7\">\n\t<td class=\"column-1\"><strong>Hubraum<\/strong><\/td><td class=\"column-2\">2143ccm<\/td>\n<\/tr>\n<tr class=\"row-8\">\n\t<td class=\"column-1\"><strong>zul\u00e4ssiges Gesamtgewicht<\/strong><\/td><td class=\"column-2\">3200kg<\/td>\n<\/tr>\n<\/tbody>\n<\/table>\n<!-- #tablepress-1 from cache -->\n<p style=\"text-align: left;\">Als Vorausfahrzeug dient der Einsatzleitwagen (ELW) dem Einsatzleiter als Transportmittel zur Einsatzstelle. Dadurch k\u00f6nnen sehr schnell erste Erkundungen durchgef\u00fchrt und nachr\u00fcckende Einsatzkr\u00e4fte gezielt eingesetzt werden. F\u00fcr die Dokumentation des Einsatzgeschehens ist das Fahrzeug mit einem Schreibtischarbeitsplatz ausger\u00fcstet, welcher mit 2 x TMO-Funkger\u00e4t, 2 x DMO-Funkger\u00e4t, einem Mobiltelefon und einem PC Arbeitsplatz ausgestattet ist. Als Beladung hat er neben zahlreichen Funkger\u00e4ten auch Einsatzpl\u00e4ne, Informationssysteme, Unterlagen zur Einsatzdokumentation und verschiedene andere Hilfsmittel dabei. F\u00fcr kleinere Einsatzbesprechungen besteht die M\u00f6glichkeit am Heck des Fahrzeuges einen Tisch auszuziehen und ein Whiteboard anzubringen.<\/p>\nngg_shortcode_0_placeholder\n","protected":false},"excerpt":{"rendered":"<p>Als Vorausfahrzeug dient der Einsatzleitwagen (ELW) dem Einsatzleiter als Transportmittel zur Einsatzstelle. Dadurch k\u00f6nnen sehr schnell erste Erkundungen durchgef\u00fchrt und nachr\u00fcckende Einsatzkr\u00e4fte gezielt eingesetzt werden. F\u00fcr die Dokumentation des Einsatzgeschehens ist das Fahrzeug mit einem Schreibtischarbeitsplatz ausger\u00fcstet, welcher mit 2 x TMO-Funkger\u00e4t, 2 x DMO-Funkger\u00e4t, einem Mobiltelefon und einem PC Arbeitsplatz ausgestattet ist. Als Beladung <a class=\"more-link\" href=\"https:\/\/www.feuerwehr-poing.de\/?page_id=298\">[mehr]<\/a><\/p>\n","protected":false},"author":18,"featured_media":0,"parent":1101,"menu_order":0,"comment_status":"closed","ping_status":"closed","template":"","meta":{"ngg_post_thumbnail":0,"footnotes":""},"class_list":["post-298","page","type-page","status-publish","hentry"],"yoast_head":"<!-- This site is optimized with the Yoast SEO plugin v27.4 - https:\/\/yoast.com\/product\/yoast-seo-wordpress\/ -->\n<title>Florian Poing 12\/1 - Freiwillige Feuerwehr Poing<\/title>\n<meta name=\"robots\" content=\"index, follow, max-snippet:-1, max-image-preview:large, max-video-preview:-1\" \/>\n<link rel=\"canonical\" href=\"https:\/\/www.feuerwehr-poing.de\/?page_id=298\" \/>\n<meta property=\"og:locale\" content=\"de_DE\" \/>\n<meta property=\"og:type\" content=\"article\" \/>\n<meta property=\"og:title\" content=\"Florian Poing 12\/1 - Freiwillige Feuerwehr Poing\" \/>\n<meta property=\"og:description\" content=\"Als Vorausfahrzeug dient der Einsatzleitwagen (ELW) dem Einsatzleiter als Transportmittel zur Einsatzstelle. Dadurch k\u00f6nnen sehr schnell erste Erkundungen durchgef\u00fchrt und nachr\u00fcckende Einsatzkr\u00e4fte gezielt eingesetzt werden. F\u00fcr die Dokumentation des Einsatzgeschehens ist das Fahrzeug mit einem Schreibtischarbeitsplatz ausger\u00fcstet, welcher mit 2 x TMO-Funkger\u00e4t, 2 x DMO-Funkger\u00e4t, einem Mobiltelefon und einem PC Arbeitsplatz ausgestattet ist. Als Beladung [mehr]\" \/>\n<meta property=\"og:url\" content=\"https:\/\/www.feuerwehr-poing.de\/?page_id=298\" \/>\n<meta property=\"og:site_name\" content=\"Freiwillige Feuerwehr Poing\" \/>\n<meta property=\"article:modified_time\" content=\"2025-03-10T08:41:22+00:00\" \/>\n<meta name=\"twitter:card\" content=\"summary_large_image\" \/>\n<meta name=\"twitter:label1\" content=\"Gesch\u00e4tzte Lesezeit\" \/>\n\t<meta name=\"twitter:data1\" content=\"1\u00a0Minute\" \/>\n<script type=\"application\/ld+json\" class=\"yoast-schema-graph\">{\"@context\":\"https:\\\/\\\/schema.org\",\"@graph\":[{\"@type\":\"WebPage\",\"@id\":\"https:\\\/\\\/www.feuerwehr-poing.de\\\/?page_id=298\",\"url\":\"https:\\\/\\\/www.feuerwehr-poing.de\\\/?page_id=298\",\"name\":\"Florian Poing 12\\\/1 - Freiwillige Feuerwehr Poing\",\"isPartOf\":{\"@id\":\"https:\\\/\\\/www.feuerwehr-poing.de\\\/#website\"},\"datePublished\":\"2016-01-24T08:37:26+00:00\",\"dateModified\":\"2025-03-10T08:41:22+00:00\",\"breadcrumb\":{\"@id\":\"https:\\\/\\\/www.feuerwehr-poing.de\\\/?page_id=298#breadcrumb\"},\"inLanguage\":\"de\",\"potentialAction\":[{\"@type\":\"ReadAction\",\"target\":[\"https:\\\/\\\/www.feuerwehr-poing.de\\\/?page_id=298\"]}]},{\"@type\":\"BreadcrumbList\",\"@id\":\"https:\\\/\\\/www.feuerwehr-poing.de\\\/?page_id=298#breadcrumb\",\"itemListElement\":[{\"@type\":\"ListItem\",\"position\":1,\"name\":\"Startseite\",\"item\":\"https:\\\/\\\/www.feuerwehr-poing.de\\\/\"},{\"@type\":\"ListItem\",\"position\":2,\"name\":\"Fahrzeuge\",\"item\":\"https:\\\/\\\/www.feuerwehr-poing.de\\\/?page_id=1101\"},{\"@type\":\"ListItem\",\"position\":3,\"name\":\"Florian Poing 12\\\/1\"}]},{\"@type\":\"WebSite\",\"@id\":\"https:\\\/\\\/www.feuerwehr-poing.de\\\/#website\",\"url\":\"https:\\\/\\\/www.feuerwehr-poing.de\\\/\",\"name\":\"Freiwillige Feuerwehr Poing\",\"description\":\"Retten - L\u00f6schen - Sch\u00fctzen - Bergen\",\"potentialAction\":[{\"@type\":\"SearchAction\",\"target\":{\"@type\":\"EntryPoint\",\"urlTemplate\":\"https:\\\/\\\/www.feuerwehr-poing.de\\\/?s={search_term_string}\"},\"query-input\":{\"@type\":\"PropertyValueSpecification\",\"valueRequired\":true,\"valueName\":\"search_term_string\"}}],\"inLanguage\":\"de\"}]}<\/script>\n<!-- \/ Yoast SEO plugin. -->","yoast_head_json":{"title":"Florian Poing 12\/1 - Freiwillige Feuerwehr Poing","robots":{"index":"index","follow":"follow","max-snippet":"max-snippet:-1","max-image-preview":"max-image-preview:large","max-video-preview":"max-video-preview:-1"},"canonical":"https:\/\/www.feuerwehr-poing.de\/?page_id=298","og_locale":"de_DE","og_type":"article","og_title":"Florian Poing 12\/1 - Freiwillige Feuerwehr Poing","og_description":"Als Vorausfahrzeug dient der Einsatzleitwagen (ELW) dem Einsatzleiter als Transportmittel zur Einsatzstelle. Dadurch k\u00f6nnen sehr schnell erste Erkundungen durchgef\u00fchrt und nachr\u00fcckende Einsatzkr\u00e4fte gezielt eingesetzt werden. F\u00fcr die Dokumentation des Einsatzgeschehens ist das Fahrzeug mit einem Schreibtischarbeitsplatz ausger\u00fcstet, welcher mit 2 x TMO-Funkger\u00e4t, 2 x DMO-Funkger\u00e4t, einem Mobiltelefon und einem PC Arbeitsplatz ausgestattet ist. Als Beladung [mehr]","og_url":"https:\/\/www.feuerwehr-poing.de\/?page_id=298","og_site_name":"Freiwillige Feuerwehr Poing","article_modified_time":"2025-03-10T08:41:22+00:00","twitter_card":"summary_large_image","twitter_misc":{"Gesch\u00e4tzte Lesezeit":"1\u00a0Minute"},"schema":{"@context":"https:\/\/schema.org","@graph":[{"@type":"WebPage","@id":"https:\/\/www.feuerwehr-poing.de\/?page_id=298","url":"https:\/\/www.feuerwehr-poing.de\/?page_id=298","name":"Florian Poing 12\/1 - Freiwillige Feuerwehr Poing","isPartOf":{"@id":"https:\/\/www.feuerwehr-poing.de\/#website"},"datePublished":"2016-01-24T08:37:26+00:00","dateModified":"2025-03-10T08:41:22+00:00","breadcrumb":{"@id":"https:\/\/www.feuerwehr-poing.de\/?page_id=298#breadcrumb"},"inLanguage":"de","potentialAction":[{"@type":"ReadAction","target":["https:\/\/www.feuerwehr-poing.de\/?page_id=298"]}]},{"@type":"BreadcrumbList","@id":"https:\/\/www.feuerwehr-poing.de\/?page_id=298#breadcrumb","itemListElement":[{"@type":"ListItem","position":1,"name":"Startseite","item":"https:\/\/www.feuerwehr-poing.de\/"},{"@type":"ListItem","position":2,"name":"Fahrzeuge","item":"https:\/\/www.feuerwehr-poing.de\/?page_id=1101"},{"@type":"ListItem","position":3,"name":"Florian Poing 12\/1"}]},{"@type":"WebSite","@id":"https:\/\/www.feuerwehr-poing.de\/#website","url":"https:\/\/www.feuerwehr-poing.de\/","name":"Freiwillige Feuerwehr Poing","description":"Retten - L\u00f6schen - Sch\u00fctzen - Bergen","potentialAction":[{"@type":"SearchAction","target":{"@type":"EntryPoint","urlTemplate":"https:\/\/www.feuerwehr-poing.de\/?s={search_term_string}"},"query-input":{"@type":"PropertyValueSpecification","valueRequired":true,"valueName":"search_term_string"}}],"inLanguage":"de"}]}},"_links":{"self":[{"href":"https:\/\/www.feuerwehr-poing.de\/index.php?rest_route=\/wp\/v2\/pages\/298","targetHints":{"allow":["GET"]}}],"collection":[{"href":"https:\/\/www.feuerwehr-poing.de\/index.php?rest_route=\/wp\/v2\/pages"}],"about":[{"href":"https:\/\/www.feuerwehr-poing.de\/index.php?rest_route=\/wp\/v2\/types\/page"}],"author":[{"embeddable":true,"href":"https:\/\/www.feuerwehr-poing.de\/index.php?rest_route=\/wp\/v2\/users\/18"}],"replies":[{"embeddable":true,"href":"https:\/\/www.feuerwehr-poing.de\/index.php?rest_route=%2Fwp%2Fv2%2Fcomments&post=298"}],"version-history":[{"count":17,"href":"https:\/\/www.feuerwehr-poing.de\/index.php?rest_route=\/wp\/v2\/pages\/298\/revisions"}],"predecessor-version":[{"id":12494,"href":"https:\/\/www.feuerwehr-poing.de\/index.php?rest_route=\/wp\/v2\/pages\/298\/revisions\/12494"}],"up":[{"embeddable":true,"href":"https:\/\/www.feuerwehr-poing.de\/index.php?rest_route=\/wp\/v2\/pages\/1101"}],"wp:attachment":[{"href":"https:\/\/www.feuerwehr-poing.de\/index.php?rest_route=%2Fwp%2Fv2%2Fmedia&parent=298"}],"curies":[{"name":"wp","href":"https:\/\/api.w.org\/{rel}","templated":true}]}}